{"id":12433,"date":"2025-09-16T18:27:53","date_gmt":"2025-09-16T23:27:53","guid":{"rendered":"https:\/\/transparencia.unap.edu.pe\/web\/?page_id=12433"},"modified":"2025-09-16T18:39:34","modified_gmt":"2025-09-16T23:39:34","slug":"resoluciones-decanales-de-la-universidad-nacional-de-altiplano-puno","status":"publish","type":"page","link":"https:\/\/transparencia.unap.edu.pe\/web\/resoluciones-decanales-de-la-universidad-nacional-de-altiplano-puno\/","title":{"rendered":"Resoluciones Decanales de la Universidad Nacional de Altiplano &#8211; Puno"},"content":{"rendered":"\t\t<div data-elementor-type=\"wp-page\" data-elementor-id=\"12433\" class=\"elementor elementor-12433\" data-elementor-post-type=\"page\">\n\t\t\t\t\t\t<section class=\"elementor-section elementor-top-section elementor-element elementor-element-700c8d9 elementor-section-boxed elementor-section-height-default elementor-section-height-default\" data-id=\"700c8d9\" data-element_type=\"section\" data-e-type=\"section\" data-settings=\"{&quot;background_background&quot;:&quot;classic&quot;}\">\n\t\t\t\t\t\t<div class=\"elementor-container elementor-column-gap-default\">\n\t\t\t\t\t<div class=\"elementor-column elementor-col-33 elementor-top-column elementor-element elementor-element-9f83c1b\" data-id=\"9f83c1b\" data-element_type=\"column\" data-e-type=\"column\">\n\t\t\t<div class=\"elementor-widget-wrap elementor-element-populated\">\n\t\t\t\t\t\t<div class=\"elementor-element elementor-element-4160a83 elementor-widget elementor-widget-heading\" data-id=\"4160a83\" data-element_type=\"widget\" data-e-type=\"widget\" data-widget_type=\"heading.default\">\n\t\t\t\t<div class=\"elementor-widget-container\">\n\t\t\t\t\t<h3 class=\"elementor-heading-title elementor-size-default\">Filtros de busqueda:<\/h3>\t\t\t\t<\/div>\n\t\t\t\t<\/div>\n\t\t\t\t<div class=\"elementor-element elementor-element-1f2063a elementor-widget elementor-widget-heading\" data-id=\"1f2063a\" data-element_type=\"widget\" data-e-type=\"widget\" data-widget_type=\"heading.default\">\n\t\t\t\t<div class=\"elementor-widget-container\">\n\t\t\t\t\t<h6 class=\"elementor-heading-title elementor-size-default\">Resoluciones Decanales:<\/h6>\t\t\t\t<\/div>\n\t\t\t\t<\/div>\n\t\t\t\t<div class=\"elementor-element elementor-element-39cab8b elementor-widget__width-inherit elementor-widget elementor-widget-shortcode\" data-id=\"39cab8b\" data-element_type=\"widget\" data-e-type=\"widget\" data-widget_type=\"shortcode.default\">\n\t\t\t\t<div class=\"elementor-widget-container\">\n\t\t\t\t\t\t\t<div class=\"elementor-shortcode\"><div class=\"facetwp-facet facetwp-facet-facultad_copy facetwp-type-fselect\" data-name=\"facultad_copy\" data-type=\"fselect\"><\/div><\/div>\n\t\t\t\t\t\t<\/div>\n\t\t\t\t<\/div>\n\t\t\t\t<div class=\"elementor-element elementor-element-0c790ba elementor-widget elementor-widget-heading\" data-id=\"0c790ba\" data-element_type=\"widget\" data-e-type=\"widget\" data-widget_type=\"heading.default\">\n\t\t\t\t<div class=\"elementor-widget-container\">\n\t\t\t\t\t<h6 class=\"elementor-heading-title elementor-size-default\">Fecha:<\/h6>\t\t\t\t<\/div>\n\t\t\t\t<\/div>\n\t\t\t\t<div class=\"elementor-element elementor-element-926274e elementor-widget elementor-widget-shortcode\" data-id=\"926274e\" data-element_type=\"widget\" data-e-type=\"widget\" data-widget_type=\"shortcode.default\">\n\t\t\t\t<div class=\"elementor-widget-container\">\n\t\t\t\t\t\t\t<div class=\"elementor-shortcode\"><div class=\"facetwp-facet facetwp-facet-fecha_actas_copy facetwp-type-date_range\" data-name=\"fecha_actas_copy\" data-type=\"date_range\"><\/div><\/div>\n\t\t\t\t\t\t<\/div>\n\t\t\t\t<\/div>\n\t\t\t\t\t<\/div>\n\t\t<\/div>\n\t\t\t\t<div class=\"elementor-column elementor-col-66 elementor-top-column elementor-element elementor-element-2bdae00\" data-id=\"2bdae00\" data-element_type=\"column\" data-e-type=\"column\">\n\t\t\t<div class=\"elementor-widget-wrap elementor-element-populated\">\n\t\t\t\t\t\t<div class=\"elementor-element elementor-element-cc45db4 elementor-widget elementor-widget-heading\" data-id=\"cc45db4\" data-element_type=\"widget\" data-e-type=\"widget\" data-widget_type=\"heading.default\">\n\t\t\t\t<div class=\"elementor-widget-container\">\n\t\t\t\t\t<h3 class=\"elementor-heading-title elementor-size-default\">Resultados de b\u00fasqueda:<\/h3>\t\t\t\t<\/div>\n\t\t\t\t<\/div>\n\t\t\t\t<div class=\"elementor-element elementor-element-8894326 elementor-widget elementor-widget-shortcode\" data-id=\"8894326\" data-element_type=\"widget\" data-e-type=\"widget\" data-widget_type=\"shortcode.default\">\n\t\t\t\t<div class=\"elementor-widget-container\">\n\t\t\t\t\t\t\t<div class=\"elementor-shortcode\"><div class=\"facetwp-template\" data-name=\"actas_consejo_copy\"><div class=\"fwpl-layout el-efpgl9\"><div class=\"fwpl-result r1\"><div class=\"fwpl-row el-19cbp\"><div class=\"fwpl-col fwpl-col el-r141lb\"><div class=\"fwpl-item el-cf9qrd\">Facultad Ciencias Administrativas y Humanas<\/div><\/div><div class=\"fwpl-col fwpl-col el-i9g4uf\"><div class=\"fwpl-item el-fcmxtj\">RESOLUCI\u00d3N DECANAL N\u00b0 150-2025-D-FCAH-UNA - Aprobar, las TASAS EDUCATIVAS para el Proceso de Admisi\u00f3n 2026 del Programa de Maestria en Administaci\u00f3n de Negocios<\/div><\/div><div class=\"fwpl-col fwpl-col el-gsb01p\"><div class=\"fwpl-item el-olquh8\">26\/09\/2025<\/div><\/div><div class=\"fwpl-col fwpl-col el-r1x6s\"><div class=\"fwpl-item el-x6ouca\"><a href=\"https:\/\/transparencia.unap.edu.pe\/web\/resolucionesdecanale\/resolucion-decanal-n-150-2025-d-fcah-una\/\" class=\"fwpl-btn\">Ver<\/a><\/div><\/div><\/div><div class=\"fwpl-row el-lst5ec\"><div class=\"fwpl-col fwpl-col el-3lrsfpk\"><\/div><\/div><\/div><div class=\"fwpl-result r2\"><div class=\"fwpl-row el-19cbp\"><div class=\"fwpl-col fwpl-col el-r141lb\"><div class=\"fwpl-item el-cf9qrd\">Facultad Ciencias Administrativas y Humanas<\/div><\/div><div class=\"fwpl-col fwpl-col el-i9g4uf\"><div class=\"fwpl-item el-fcmxtj\">RESOLUCI\u00d3N DECANAL N\u00b0 148-2025-D-FCAH-UNA - Autorizar la Reserva de Matricula del semestre 2025-II, ANGEL ANDREE JUNIOR MACEDO GALLEGOS, codigo 215646<\/div><\/div><div class=\"fwpl-col fwpl-col el-gsb01p\"><div class=\"fwpl-item el-olquh8\">24\/09\/2025<\/div><\/div><div class=\"fwpl-col fwpl-col el-r1x6s\"><div class=\"fwpl-item el-x6ouca\"><a href=\"https:\/\/transparencia.unap.edu.pe\/web\/resolucionesdecanale\/resolucion-decanal-n-148-2025-d-fcah-una\/\" class=\"fwpl-btn\">Ver<\/a><\/div><\/div><\/div><div class=\"fwpl-row el-lst5ec\"><div class=\"fwpl-col fwpl-col el-3lrsfpk\"><\/div><\/div><\/div><div class=\"fwpl-result r3\"><div class=\"fwpl-row el-19cbp\"><div class=\"fwpl-col fwpl-col el-r141lb\"><div class=\"fwpl-item el-cf9qrd\">Facultad Ciencias Administrativas y Humanas<\/div><\/div><div class=\"fwpl-col fwpl-col el-i9g4uf\"><div class=\"fwpl-item el-fcmxtj\">RESOLUCI\u00d3N DECANAL N\u00b0 147-2025-D-FCAH-UNA - Autorizar la reserva de matricula del semestre 2025-II,  PERCY ANGEL AVILES TURPO, codigo 216687<\/div><\/div><div class=\"fwpl-col fwpl-col el-gsb01p\"><div class=\"fwpl-item el-olquh8\">24\/09\/2025<\/div><\/div><div class=\"fwpl-col fwpl-col el-r1x6s\"><div class=\"fwpl-item el-x6ouca\"><a href=\"https:\/\/transparencia.unap.edu.pe\/web\/resolucionesdecanale\/resolucion-decanal-n-147-2025-d-fcah-una\/\" class=\"fwpl-btn\">Ver<\/a><\/div><\/div><\/div><div class=\"fwpl-row el-lst5ec\"><div class=\"fwpl-col fwpl-col el-3lrsfpk\"><\/div><\/div><\/div><div class=\"fwpl-result r4\"><div class=\"fwpl-row el-19cbp\"><div class=\"fwpl-col fwpl-col el-r141lb\"><div class=\"fwpl-item el-cf9qrd\">Facultad Ciencias Administrativas y Humanas<\/div><\/div><div class=\"fwpl-col fwpl-col el-i9g4uf\"><div class=\"fwpl-item el-fcmxtj\">RESOLUCI\u00d3N DECANAL N\u00b0 146-2025-D-FCAH-UNA - Proponer, al Honorable Consejo Universitario el otorgamiento del GRADO ACAD\u00c9MICO DE BACHILLER EN CIENCIAS DE LA ADMINISTRACI\u00d3N<\/div><\/div><div class=\"fwpl-col fwpl-col el-gsb01p\"><div class=\"fwpl-item el-olquh8\">24\/09\/2025<\/div><\/div><div class=\"fwpl-col fwpl-col el-r1x6s\"><div class=\"fwpl-item el-x6ouca\"><a href=\"https:\/\/transparencia.unap.edu.pe\/web\/resolucionesdecanale\/resolucion-decanal-n-146-2025-d-fcah-una\/\" class=\"fwpl-btn\">Ver<\/a><\/div><\/div><\/div><div class=\"fwpl-row el-lst5ec\"><div class=\"fwpl-col fwpl-col el-3lrsfpk\"><\/div><\/div><\/div><div class=\"fwpl-result r5\"><div class=\"fwpl-row el-19cbp\"><div class=\"fwpl-col fwpl-col el-r141lb\"><div class=\"fwpl-item el-cf9qrd\">Facultad de Trabajo Social<\/div><\/div><div class=\"fwpl-col fwpl-col el-i9g4uf\"><div class=\"fwpl-item el-fcmxtj\">RESOLUCI\u00d3N DECANAL N\u00b0 145-2025-D-FCAH-UNA - Aprobar la CONVALIDACI\u00d3N de Cursos de la MOVILIDAD ESTUDIANTIL perteneciente a la RED PERUANA DE UNIVERSIDADES, a favor del estudiante AMADEO PAYE MARCA<\/div><\/div><div class=\"fwpl-col fwpl-col el-gsb01p\"><div class=\"fwpl-item el-olquh8\">16\/09\/2025<\/div><\/div><div class=\"fwpl-col fwpl-col el-r1x6s\"><div class=\"fwpl-item el-x6ouca\"><a href=\"https:\/\/transparencia.unap.edu.pe\/web\/resolucionesdecanale\/resolucion-decanal-n-145-2025-d-fcah-una\/\" class=\"fwpl-btn\">Ver<\/a><\/div><\/div><\/div><div class=\"fwpl-row el-lst5ec\"><div class=\"fwpl-col fwpl-col el-3lrsfpk\"><\/div><\/div><\/div><div class=\"fwpl-result r6\"><div class=\"fwpl-row el-19cbp\"><div class=\"fwpl-col fwpl-col el-r141lb\"><div class=\"fwpl-item el-cf9qrd\">Facultad Ciencias Administrativas y Humanas<\/div><\/div><div class=\"fwpl-col fwpl-col el-i9g4uf\"><div class=\"fwpl-item el-fcmxtj\">RESOLUCI\u00d3N DECANAL N\u00b0 144-2025-D-FCAH-UNA - Autorizar, la habilitaci\u00f3n para el Centro de Aplicaci\u00f3n de Tecnolog\u00edas Laboratorios y Gabinetes<\/div><\/div><div class=\"fwpl-col fwpl-col el-gsb01p\"><div class=\"fwpl-item el-olquh8\">15\/09\/2025<\/div><\/div><div class=\"fwpl-col fwpl-col el-r1x6s\"><div class=\"fwpl-item el-x6ouca\"><a href=\"https:\/\/transparencia.unap.edu.pe\/web\/resolucionesdecanale\/resolucion-decanal-n-144-2025-d-fcah-una\/\" class=\"fwpl-btn\">Ver<\/a><\/div><\/div><\/div><div class=\"fwpl-row el-lst5ec\"><div class=\"fwpl-col fwpl-col el-3lrsfpk\"><\/div><\/div><\/div><div class=\"fwpl-result r7\"><div class=\"fwpl-row el-19cbp\"><div class=\"fwpl-col fwpl-col el-r141lb\"><div class=\"fwpl-item el-cf9qrd\">Facultad Ciencias Administrativas y Humanas<\/div><\/div><div class=\"fwpl-col fwpl-col el-i9g4uf\"><div class=\"fwpl-item el-fcmxtj\">RESOLUCI\u00d3N DECANAL N\u00b0 143-2025-D-FCAH-UNA - Autorizar la participaci\u00f3n en el Programa de Formaci\u00f3n de Mentores \"Mentor Mind\" en el Modulo de Mentor\u00eda Integral, a la D.Sc. Paula Andrea Arohuanca Percca<\/div><\/div><div class=\"fwpl-col fwpl-col el-gsb01p\"><div class=\"fwpl-item el-olquh8\">05\/09\/2025<\/div><\/div><div class=\"fwpl-col fwpl-col el-r1x6s\"><div class=\"fwpl-item el-x6ouca\"><a href=\"https:\/\/transparencia.unap.edu.pe\/web\/resolucionesdecanale\/resolucion-decanal-n-143-2025-d-fcah-una\/\" class=\"fwpl-btn\">Ver<\/a><\/div><\/div><\/div><div class=\"fwpl-row el-lst5ec\"><div class=\"fwpl-col fwpl-col el-3lrsfpk\"><\/div><\/div><\/div><div class=\"fwpl-result r8\"><div class=\"fwpl-row el-19cbp\"><div class=\"fwpl-col fwpl-col el-r141lb\"><div class=\"fwpl-item el-cf9qrd\">Facultad Ciencias Administrativas y Humanas<\/div><\/div><div class=\"fwpl-col fwpl-col el-i9g4uf\"><div class=\"fwpl-item el-fcmxtj\">RESOLUCI\u00d3N DECANAL N\u00b0 142-2025-D-FCAH-UNA - Aprobar, el Tablero de Gesti\u00f3n Estrat\u00e9gica 2025-2030 del Programa de Estudios de Administraci\u00f3n FCAH <\/div><\/div><div class=\"fwpl-col fwpl-col el-gsb01p\"><div class=\"fwpl-item el-olquh8\">04\/09\/2025<\/div><\/div><div class=\"fwpl-col fwpl-col el-r1x6s\"><div class=\"fwpl-item el-x6ouca\"><a href=\"https:\/\/transparencia.unap.edu.pe\/web\/resolucionesdecanale\/resolucion-decanal-n-142-2025-d-fcah-una\/\" class=\"fwpl-btn\">Ver<\/a><\/div><\/div><\/div><div class=\"fwpl-row el-lst5ec\"><div class=\"fwpl-col fwpl-col el-3lrsfpk\"><\/div><\/div><\/div><div class=\"fwpl-result r9\"><div class=\"fwpl-row el-19cbp\"><div class=\"fwpl-col fwpl-col el-r141lb\"><div class=\"fwpl-item el-cf9qrd\">Facultad de Trabajo Social<\/div><\/div><div class=\"fwpl-col fwpl-col el-i9g4uf\"><div class=\"fwpl-item el-fcmxtj\">RESOLUCI\u00d3N DECANAL N\u00b0 141-2025-D-FCAH-UNA - Refrendar el acta de evaluaci\u00f3n N\u00b0 02-2025 del informe de trabajo de la  Srta. Marisol Lee Condori Bustinza<\/div><\/div><div class=\"fwpl-col fwpl-col el-gsb01p\"><div class=\"fwpl-item el-olquh8\">04\/09\/2025<\/div><\/div><div class=\"fwpl-col fwpl-col el-r1x6s\"><div class=\"fwpl-item el-x6ouca\"><a href=\"https:\/\/transparencia.unap.edu.pe\/web\/resolucionesdecanale\/resolucion-decanal-n-141-2025-d-fcah-una\/\" class=\"fwpl-btn\">Ver<\/a><\/div><\/div><\/div><div class=\"fwpl-row el-lst5ec\"><div class=\"fwpl-col fwpl-col el-3lrsfpk\"><\/div><\/div><\/div><div class=\"fwpl-result r10\"><div class=\"fwpl-row el-19cbp\"><div class=\"fwpl-col fwpl-col el-r141lb\"><div class=\"fwpl-item el-cf9qrd\">Facultad Ciencias Administrativas y Humanas<\/div><\/div><div class=\"fwpl-col fwpl-col el-i9g4uf\"><div class=\"fwpl-item el-fcmxtj\">RESOLUCI\u00d3N DECANAL N\u00b0 140-2025-D-FCAH-UNA - Aprobar, la modificaci\u00f3n de los HORARIOS ACAD\u00c9MICOS para los estudiantes del Noveno Ciclo de la EPA-FCAH, semestre acad\u00e9mico 2025-II<\/div><\/div><div class=\"fwpl-col fwpl-col el-gsb01p\"><div class=\"fwpl-item el-olquh8\">04\/09\/2025<\/div><\/div><div class=\"fwpl-col fwpl-col el-r1x6s\"><div class=\"fwpl-item el-x6ouca\"><a href=\"https:\/\/transparencia.unap.edu.pe\/web\/resolucionesdecanale\/resolucion-decanal-n-140-2025-d-fcah-una\/\" class=\"fwpl-btn\">Ver<\/a><\/div><\/div><\/div><div class=\"fwpl-row el-lst5ec\"><div class=\"fwpl-col fwpl-col el-3lrsfpk\"><\/div><\/div><\/div><div class=\"fwpl-result r11\"><div class=\"fwpl-row el-19cbp\"><div class=\"fwpl-col fwpl-col el-r141lb\"><div class=\"fwpl-item el-cf9qrd\">Facultad Ciencias Administrativas y Humanas<\/div><\/div><div class=\"fwpl-col fwpl-col el-i9g4uf\"><div class=\"fwpl-item el-fcmxtj\">RESOLUCI\u00d3N DECANAL N\u00b0 138-2025-D-FCAH-UNA - Autorizar, la reserva de matricula del semestre 2025-II, MELANY NAYELI MARONA ZENTENO, codigo 236952<\/div><\/div><div class=\"fwpl-col fwpl-col el-gsb01p\"><div class=\"fwpl-item el-olquh8\">04\/09\/2025<\/div><\/div><div class=\"fwpl-col fwpl-col el-r1x6s\"><div class=\"fwpl-item el-x6ouca\"><a href=\"https:\/\/transparencia.unap.edu.pe\/web\/resolucionesdecanale\/resolucion-decanal-n-138-2025-d-fcah-una\/\" class=\"fwpl-btn\">Ver<\/a><\/div><\/div><\/div><div class=\"fwpl-row el-lst5ec\"><div class=\"fwpl-col fwpl-col el-3lrsfpk\"><\/div><\/div><\/div><div class=\"fwpl-result r12\"><div class=\"fwpl-row el-19cbp\"><div class=\"fwpl-col fwpl-col el-r141lb\"><div class=\"fwpl-item el-cf9qrd\">Facultad Ciencias Administrativas y Humanas<\/div><\/div><div class=\"fwpl-col fwpl-col el-i9g4uf\"><div class=\"fwpl-item el-fcmxtj\">RESOLUCI\u00d3N DECANAL N\u00b0 137-2025-D-FCAH-UNA - Autorizar la reserva de matricula del semestre 2025-II, JHON MAYCOL HUARSAYA HILAQUIJHUA, codigo 256212<\/div><\/div><div class=\"fwpl-col fwpl-col el-gsb01p\"><div class=\"fwpl-item el-olquh8\">04\/08\/2025<\/div><\/div><div class=\"fwpl-col fwpl-col el-r1x6s\"><div class=\"fwpl-item el-x6ouca\"><a href=\"https:\/\/transparencia.unap.edu.pe\/web\/resolucionesdecanale\/resolucion-decanal-n-137-2025-d-fcah-una\/\" class=\"fwpl-btn\">Ver<\/a><\/div><\/div><\/div><div class=\"fwpl-row el-lst5ec\"><div class=\"fwpl-col fwpl-col el-3lrsfpk\"><\/div><\/div><\/div><div class=\"fwpl-result r13\"><div class=\"fwpl-row el-19cbp\"><div class=\"fwpl-col fwpl-col el-r141lb\"><div class=\"fwpl-item el-cf9qrd\">Facultad Ciencias Administrativas y Humanas<\/div><\/div><div class=\"fwpl-col fwpl-col el-i9g4uf\"><div class=\"fwpl-item el-fcmxtj\">RESOLUCI\u00d3N DECANAL N\u00b0 136-2025-D-FCAH-UNA - Proponer, al Honorable Consejo Universitario el otorgamiento del TITULO PROFESIONAL PROFESIONAL DE LICENCIADO EN ADMINISTRACION <\/div><\/div><div class=\"fwpl-col fwpl-col el-gsb01p\"><div class=\"fwpl-item el-olquh8\">04\/09\/2025<\/div><\/div><div class=\"fwpl-col fwpl-col el-r1x6s\"><div class=\"fwpl-item el-x6ouca\"><a href=\"https:\/\/transparencia.unap.edu.pe\/web\/resolucionesdecanale\/resolucion-decanal-n-136-2025-d-fcah-un\/\" class=\"fwpl-btn\">Ver<\/a><\/div><\/div><\/div><div class=\"fwpl-row el-lst5ec\"><div class=\"fwpl-col fwpl-col el-3lrsfpk\"><\/div><\/div><\/div><div class=\"fwpl-result r14\"><div class=\"fwpl-row el-19cbp\"><div class=\"fwpl-col fwpl-col el-r141lb\"><div class=\"fwpl-item el-cf9qrd\">Facultad Ciencias Administrativas y Humanas<\/div><\/div><div class=\"fwpl-col fwpl-col el-i9g4uf\"><div class=\"fwpl-item el-fcmxtj\">RESOLUCI\u00d3N DECANAL N\u00b0 134-2025-D-FCAH-UNA - Reconocer al Cuerpo Colegiado del Programa de Estudios de Administraci\u00f3n de la FCAH<\/div><\/div><div class=\"fwpl-col fwpl-col el-gsb01p\"><div class=\"fwpl-item el-olquh8\">03\/09\/2025<\/div><\/div><div class=\"fwpl-col fwpl-col el-r1x6s\"><div class=\"fwpl-item el-x6ouca\"><a href=\"https:\/\/transparencia.unap.edu.pe\/web\/resolucionesdecanale\/resolucion-decanal-n-134-2025-d-fcah-una\/\" class=\"fwpl-btn\">Ver<\/a><\/div><\/div><\/div><div class=\"fwpl-row el-lst5ec\"><div class=\"fwpl-col fwpl-col el-3lrsfpk\"><\/div><\/div><\/div><div class=\"fwpl-result r15\"><div class=\"fwpl-row el-19cbp\"><div class=\"fwpl-col fwpl-col el-r141lb\"><div class=\"fwpl-item el-cf9qrd\">Facultad Ciencias Administrativas y Humanas<\/div><\/div><div class=\"fwpl-col fwpl-col el-i9g4uf\"><div class=\"fwpl-item el-fcmxtj\">RESOLUCI\u00d3N DECANAL N\u00b0 132-2025-D-FCAH-UNA - Dar cumplimiento a la normativa legal vigente que prevalece sobre disposiciones internas como el curriculo flexible por competencias 2015- 2019<\/div><\/div><div class=\"fwpl-col fwpl-col el-gsb01p\"><div class=\"fwpl-item el-olquh8\">01\/09\/2025<\/div><\/div><div class=\"fwpl-col fwpl-col el-r1x6s\"><div class=\"fwpl-item el-x6ouca\"><a href=\"https:\/\/transparencia.unap.edu.pe\/web\/resolucionesdecanale\/resolucion-decanal-n-132-2025-d-fcah-una\/\" class=\"fwpl-btn\">Ver<\/a><\/div><\/div><\/div><div class=\"fwpl-row el-lst5ec\"><div class=\"fwpl-col fwpl-col el-3lrsfpk\"><\/div><\/div><\/div><div class=\"fwpl-result r16\"><div class=\"fwpl-row el-19cbp\"><div class=\"fwpl-col fwpl-col el-r141lb\"><div class=\"fwpl-item el-cf9qrd\">Facultad de Trabajo Social<\/div><\/div><div class=\"fwpl-col fwpl-col el-i9g4uf\"><div class=\"fwpl-item el-fcmxtj\">RESOLUCI\u00d3N DECANAL N\u00b0 131-2025-D-FCAH-UNA - Aprobar el Plan de trabajo 2025 de las Direcciones, Unidades y Coordinaciones de la FCAH<\/div><\/div><div class=\"fwpl-col fwpl-col el-gsb01p\"><div class=\"fwpl-item el-olquh8\">28\/08\/2025<\/div><\/div><div class=\"fwpl-col fwpl-col el-r1x6s\"><div class=\"fwpl-item el-x6ouca\"><a href=\"https:\/\/transparencia.unap.edu.pe\/web\/resolucionesdecanale\/resolucion-decanal-n-131-2025-d-fcah-una\/\" class=\"fwpl-btn\">Ver<\/a><\/div><\/div><\/div><div class=\"fwpl-row el-lst5ec\"><div class=\"fwpl-col fwpl-col el-3lrsfpk\"><\/div><\/div><\/div><div class=\"fwpl-result r17\"><div class=\"fwpl-row el-19cbp\"><div class=\"fwpl-col fwpl-col el-r141lb\"><div class=\"fwpl-item el-cf9qrd\">Facultad Ciencias Administrativas y Humanas<\/div><\/div><div class=\"fwpl-col fwpl-col el-i9g4uf\"><div class=\"fwpl-item el-fcmxtj\">RESOLUCI\u00d3N DECANAL N\u00b0 130-2025-D-FCAH-UNA - Aprobar los horarios de sesiones de aprendizaje del semestre academico 2025-I<\/div><\/div><div class=\"fwpl-col fwpl-col el-gsb01p\"><div class=\"fwpl-item el-olquh8\">25\/08\/2025<\/div><\/div><div class=\"fwpl-col fwpl-col el-r1x6s\"><div class=\"fwpl-item el-x6ouca\"><a href=\"https:\/\/transparencia.unap.edu.pe\/web\/resolucionesdecanale\/resolucion-decanal-n-130-2025-d-fcah-una\/\" class=\"fwpl-btn\">Ver<\/a><\/div><\/div><\/div><div class=\"fwpl-row el-lst5ec\"><div class=\"fwpl-col fwpl-col el-3lrsfpk\"><\/div><\/div><\/div><div class=\"fwpl-result r18\"><div class=\"fwpl-row el-19cbp\"><div class=\"fwpl-col fwpl-col el-r141lb\"><div class=\"fwpl-item el-cf9qrd\">Facultad Ciencias Administrativas y Humanas<\/div><\/div><div class=\"fwpl-col fwpl-col el-i9g4uf\"><div class=\"fwpl-item el-fcmxtj\">RESOLUCI\u00d3N DECANAL N\u00b0 129-2025-D-FCAH-UNA - Conformar en via de regularizaci\u00f3n la Comisi\u00f3n de Supervisi\u00f3n de Actividades Acad\u00e9micos programadas del 30 de julio al 22 de agosto de 2025<\/div><\/div><div class=\"fwpl-col fwpl-col el-gsb01p\"><div class=\"fwpl-item el-olquh8\">28\/08\/2025<\/div><\/div><div class=\"fwpl-col fwpl-col el-r1x6s\"><div class=\"fwpl-item el-x6ouca\"><a href=\"https:\/\/transparencia.unap.edu.pe\/web\/resolucionesdecanale\/resolucion-decanal-n-129-2025-d-fcah-una\/\" class=\"fwpl-btn\">Ver<\/a><\/div><\/div><\/div><div class=\"fwpl-row el-lst5ec\"><div class=\"fwpl-col fwpl-col el-3lrsfpk\"><\/div><\/div><\/div><div class=\"fwpl-result r19\"><div class=\"fwpl-row el-19cbp\"><div class=\"fwpl-col fwpl-col el-r141lb\"><div class=\"fwpl-item el-cf9qrd\">Facultad Ciencias Administrativas y Humanas<\/div><\/div><div class=\"fwpl-col fwpl-col el-i9g4uf\"><div class=\"fwpl-item el-fcmxtj\">RESOLUCI\u00d3N DECANAL N\u00b0 128-2025-D-FCAH-UNA - Autorizar viaje de capacitaci\u00f3n a la ciudad de Tacna al M.Sc. Carlos Choque Salcedo<\/div><\/div><div class=\"fwpl-col fwpl-col el-gsb01p\"><div class=\"fwpl-item el-olquh8\">13\/08\/2025<\/div><\/div><div class=\"fwpl-col fwpl-col el-r1x6s\"><div class=\"fwpl-item el-x6ouca\"><a href=\"https:\/\/transparencia.unap.edu.pe\/web\/resolucionesdecanale\/resolucion-decanal-n-128-2025-d-fcah-una\/\" class=\"fwpl-btn\">Ver<\/a><\/div><\/div><\/div><div class=\"fwpl-row el-lst5ec\"><div class=\"fwpl-col fwpl-col el-3lrsfpk\"><\/div><\/div><\/div><div class=\"fwpl-result r20\"><div class=\"fwpl-row el-19cbp\"><div class=\"fwpl-col fwpl-col el-r141lb\"><div class=\"fwpl-item el-cf9qrd\">Facultad Ciencias Administrativas y Humanas<\/div><\/div><div class=\"fwpl-col fwpl-col el-i9g4uf\"><div class=\"fwpl-item el-fcmxtj\">RESOLUCI\u00d3N DECANAL N\u00b0 127-2024-D-FCAH-UNA - Autorizar viaje de capacitaci\u00f3n a la ciudad de Tacna al M.Sc. German Jorge Molina Cabala<\/div><\/div><div class=\"fwpl-col fwpl-col el-gsb01p\"><div class=\"fwpl-item el-olquh8\">13\/08\/2025<\/div><\/div><div class=\"fwpl-col fwpl-col el-r1x6s\"><div class=\"fwpl-item el-x6ouca\"><a href=\"https:\/\/transparencia.unap.edu.pe\/web\/resolucionesdecanale\/resolucion-decanal-n-127-2024-d-fcah-una\/\" class=\"fwpl-btn\">Ver<\/a><\/div><\/div><\/div><div class=\"fwpl-row el-lst5ec\"><div class=\"fwpl-col fwpl-col el-3lrsfpk\"><\/div><\/div><\/div><\/div>\n<style>\n.fwpl-layout, .fwpl-row {\n    display: grid;\n}\n.fwpl-layout.el-efpgl9 {\n    grid-template-columns: repeat(1, 1fr);\n    grid-gap: 10px;\n}\n.fwpl-btn {\n    text-decoration: none;\n}\n.fwpl-row.el-19cbp {\n    grid-template-columns: 22.2% 42.5% 19.9% 1fr;\n}\n.fwpl-col.el-r141lb {\n    border-color: #1f365c;\n}\n.fwpl-col.el-i9g4uf {\n    border-color: #1f365c;\n}\n.fwpl-col.el-r1x6s {\n    text-align: center;\n}\n.fwpl-item.el-x6ouca .fwpl-btn {\n    background-color: #1a9dbe;\n    padding: 10px;\n    text-align: center;\n    color: #ffffff;\n}\n.fwpl-row.el-lst5ec {\n    grid-template-columns: 1fr;\n    border-color: #397fa4;\n}\n.fwpl-col.el-3lrsfpk {\n    border-style: solid;\n    border-color: #1f365c;\n    border-width: 0px 0px 5px 0px;\n}\n@media (max-width: 480px) { \n    body .facetwp-template .fwpl-layout,  \n    body .facetwp-template-static .fwpl-layout { grid-template-columns: 1fr; } \n} \n\n<\/style>\n<\/div>\n\n<div class=\"facetwp-facet facetwp-facet-paginador facetwp-type-pager\" data-name=\"paginador\" data-type=\"pager\"><\/div><\/div>\n\t\t\t\t\t\t<\/div>\n\t\t\t\t<\/div>\n\t\t\t\t\t<\/div>\n\t\t<\/div>\n\t\t\t\t\t<\/div>\n\t\t<\/section>\n\t\t\t\t<\/div>\n\t\t","protected":false},"excerpt":{"rendered":"<p>Filtros de busqueda: Resoluciones Decanales: Fecha: Resultados de b\u00fasqueda:<\/p>\n","protected":false},"author":1,"featured_media":0,"parent":0,"menu_order":0,"comment_status":"closed","ping_status":"closed","template":"","meta":{"_acf_changed":false,"footnotes":""},"class_list":["post-12433","page","type-page","status-publish","hentry"],"acf":[],"_links":{"self":[{"href":"https:\/\/transparencia.unap.edu.pe\/web\/wp-json\/wp\/v2\/pages\/12433","targetHints":{"allow":["GET"]}}],"collection":[{"href":"https:\/\/transparencia.unap.edu.pe\/web\/wp-json\/wp\/v2\/pages"}],"about":[{"href":"https:\/\/transparencia.unap.edu.pe\/web\/wp-json\/wp\/v2\/types\/page"}],"author":[{"embeddable":true,"href":"https:\/\/transparencia.unap.edu.pe\/web\/wp-json\/wp\/v2\/users\/1"}],"replies":[{"embeddable":true,"href":"https:\/\/transparencia.unap.edu.pe\/web\/wp-json\/wp\/v2\/comments?post=12433"}],"version-history":[{"count":4,"href":"https:\/\/transparencia.unap.edu.pe\/web\/wp-json\/wp\/v2\/pages\/12433\/revisions"}],"predecessor-version":[{"id":12438,"href":"https:\/\/transparencia.unap.edu.pe\/web\/wp-json\/wp\/v2\/pages\/12433\/revisions\/12438"}],"wp:attachment":[{"href":"https:\/\/transparencia.unap.edu.pe\/web\/wp-json\/wp\/v2\/media?parent=12433"}],"curies":[{"name":"wp","href":"https:\/\/api.w.org\/{rel}","templated":true}]}}