{"id":5953,"date":"2022-05-26T20:14:26","date_gmt":"2022-05-26T20:14:26","guid":{"rendered":"https:\/\/transparencia.unap.edu.pe\/web\/?page_id=5953"},"modified":"2022-05-26T20:14:26","modified_gmt":"2022-05-26T20:14:26","slug":"maestria-ano-2022","status":"publish","type":"page","link":"https:\/\/transparencia.unap.edu.pe\/web\/maestria-ano-2022\/","title":{"rendered":"MAESTRIA &#8211; A\u00d1O 2022"},"content":{"rendered":"<table width=\"689\">\n<tbody>\n<tr>\n<td width=\"29\">N\u00ba<\/td>\n<td width=\"241\">MAESTR\u00cdA<\/td>\n<td width=\"113\">POSTULANTES\u00a0<\/td>\n<td width=\"132\">INGRESANTES<\/td>\n<td width=\"94\">MATRICULADOS<\/td>\n<td width=\"80\">EGRESADOS<\/td>\n<\/tr>\n<tr>\n<td width=\"29\">01<\/td>\n<td>ARQUITECTURA<\/td>\n<td width=\"113\">42<\/td>\n<td width=\"132\">42<\/td>\n<td width=\"94\">59<\/td>\n<td width=\"80\">&#8211;<\/td>\n<\/tr>\n<tr>\n<td width=\"29\">02<\/td>\n<td>CIENCIA ANIMAL<\/td>\n<td width=\"113\">48<\/td>\n<td width=\"132\">48<\/td>\n<td width=\"94\">122<\/td>\n<td width=\"80\">&#8211;<\/td>\n<\/tr>\n<tr>\n<td width=\"29\">03<\/td>\n<td>CIENCIAS &#8211; INGENIERIA QUIMICA<\/td>\n<td width=\"113\">88<\/td>\n<td width=\"132\">88<\/td>\n<td width=\"94\">181<\/td>\n<td width=\"80\">&#8211;<\/td>\n<\/tr>\n<tr>\n<td width=\"29\">04<\/td>\n<td>CIENCIAS DE LA INGENIERIA AGR\u00cdCOLA<\/td>\n<td width=\"113\">73<\/td>\n<td width=\"132\">73<\/td>\n<td width=\"94\">139<\/td>\n<td width=\"80\">&#8211;<\/td>\n<\/tr>\n<tr>\n<td width=\"29\">05<\/td>\n<td>CIENCIAS DE LA INGENIERIA MEC\u00c1NICA EL\u00c9CTRICA<\/td>\n<td width=\"113\">49<\/td>\n<td width=\"132\">49<\/td>\n<td width=\"94\">117<\/td>\n<td width=\"80\">&#8211;<\/td>\n<\/tr>\n<tr>\n<td width=\"29\">06<\/td>\n<td>CIENCIAS DE LA NUTRICION<\/td>\n<td width=\"113\">46<\/td>\n<td width=\"132\">46<\/td>\n<td width=\"94\">112<\/td>\n<td width=\"80\">&#8211;<\/td>\n<\/tr>\n<tr>\n<td width=\"29\">07<\/td>\n<td>CIENCIAS SOCIALES<\/td>\n<td width=\"113\">132<\/td>\n<td width=\"132\">132<\/td>\n<td width=\"94\">255<\/td>\n<td width=\"80\">&#8211;<\/td>\n<\/tr>\n<tr>\n<td width=\"29\">08<\/td>\n<td>CONTABILIDAD Y ADMINISTRACION<\/td>\n<td width=\"113\">432<\/td>\n<td width=\"132\">432<\/td>\n<td width=\"94\">956<\/td>\n<td width=\"80\">&#8211;<\/td>\n<\/tr>\n<tr>\n<td width=\"29\">09<\/td>\n<td>DERECHO<\/td>\n<td width=\"113\">257<\/td>\n<td width=\"132\">257<\/td>\n<td width=\"94\">593<\/td>\n<td width=\"80\">&#8211;<\/td>\n<\/tr>\n<tr>\n<td width=\"29\">10<\/td>\n<td>DESARROLLO RURAL<\/td>\n<td width=\"113\">36<\/td>\n<td width=\"132\">36<\/td>\n<td width=\"94\">99<\/td>\n<td width=\"80\">&#8211;<\/td>\n<\/tr>\n<tr>\n<td width=\"29\">11<\/td>\n<td>ECOLOGIA<\/td>\n<td width=\"113\">26<\/td>\n<td width=\"132\">26<\/td>\n<td width=\"94\">79<\/td>\n<td width=\"80\">&#8211;<\/td>\n<\/tr>\n<tr>\n<td width=\"29\">12<\/td>\n<td>ECONOMIA<\/td>\n<td width=\"113\">144<\/td>\n<td width=\"132\">144<\/td>\n<td width=\"94\">331<\/td>\n<td width=\"80\">&#8211;<\/td>\n<\/tr>\n<tr>\n<td width=\"29\">13<\/td>\n<td>EDUCACION<\/td>\n<td width=\"113\">441<\/td>\n<td width=\"132\">441<\/td>\n<td width=\"94\">1044<\/td>\n<td width=\"80\">&#8211;<\/td>\n<\/tr>\n<tr>\n<td width=\"29\">14<\/td>\n<td>EXTRACCI\u00d3N DE METALES ESTRAT\u00c9GICOS<\/td>\n<td width=\"113\">24<\/td>\n<td width=\"132\">24<\/td>\n<td width=\"94\">53<\/td>\n<td width=\"80\">&#8211;<\/td>\n<\/tr>\n<tr>\n<td width=\"29\">15<\/td>\n<td>GEOTECNIA Y GEOMEC\u00c1NICA MINERA<\/td>\n<td width=\"113\">28<\/td>\n<td width=\"132\">28<\/td>\n<td width=\"94\">75<\/td>\n<td width=\"80\">&#8211;<\/td>\n<\/tr>\n<tr>\n<td width=\"29\">16<\/td>\n<td>INFORMATICA<\/td>\n<td width=\"113\">64<\/td>\n<td width=\"132\">64<\/td>\n<td width=\"94\">161<\/td>\n<td width=\"80\">&#8211;<\/td>\n<\/tr>\n<tr>\n<td width=\"29\">17<\/td>\n<td>INGENIERIA CIVIL<\/td>\n<td width=\"113\">101<\/td>\n<td width=\"132\">101<\/td>\n<td width=\"94\">269<\/td>\n<td width=\"80\">&#8211;<\/td>\n<\/tr>\n<tr>\n<td width=\"29\">18<\/td>\n<td>INGENIERIA DE SISTEMAS<\/td>\n<td width=\"113\">29<\/td>\n<td width=\"132\">29<\/td>\n<td width=\"94\">74<\/td>\n<td width=\"80\">&#8211;<\/td>\n<\/tr>\n<tr>\n<td width=\"29\">19<\/td>\n<td>INVESTIGACION Y DOCENCIA UNIVERSITARIA<\/td>\n<td width=\"113\">47<\/td>\n<td width=\"132\">47<\/td>\n<td width=\"94\">107<\/td>\n<td width=\"80\">&#8211;<\/td>\n<\/tr>\n<tr>\n<td width=\"29\">20<\/td>\n<td>LING\u00dcISTICA ANDINA Y EDUCACION<\/td>\n<td width=\"113\">28<\/td>\n<td width=\"132\">28<\/td>\n<td width=\"94\">59<\/td>\n<td width=\"80\">&#8211;<\/td>\n<\/tr>\n<tr>\n<td width=\"29\">21<\/td>\n<td>SALUD PUBLICA<\/td>\n<td width=\"113\">135<\/td>\n<td width=\"132\">135<\/td>\n<td width=\"94\">373<\/td>\n<td width=\"80\">&#8211;<\/td>\n<\/tr>\n<tr>\n<td width=\"29\">22<\/td>\n<td>TECNOLOG\u00cdAS DE PROTECCI\u00d3N AMBIENTAL<\/td>\n<td width=\"113\">15<\/td>\n<td width=\"132\">15<\/td>\n<td width=\"94\">\u00a0<\/td>\n<td width=\"80\">&#8211;<\/td>\n<\/tr>\n<tr>\n<td width=\"29\">23<\/td>\n<td>TRABAJO SOCIAL<\/td>\n<td width=\"113\">49<\/td>\n<td width=\"132\">49<\/td>\n<td width=\"94\">177<\/td>\n<td width=\"80\">&#8211;<\/td>\n<\/tr>\n<tr>\n<td colspan=\"2\" width=\"270\">TOTAL<\/td>\n<td>2334<\/td>\n<td>2334<\/td>\n<td>5435<\/td>\n<td width=\"80\">&#8211;<\/td>\n<\/tr>\n<\/tbody>\n<\/table>\n\n\n<p><\/p>\n","protected":false},"excerpt":{"rendered":"<p>N\u00ba MAESTR\u00cdA POSTULANTES\u00a0 INGRESANTES MATRICULADOS EGRESADOS 01 ARQUITECTURA 42 42 59 &#8211; 02 CIENCIA ANIMAL 48 48 122 &#8211; 03 CIENCIAS &#8211; INGENIERIA QUIMICA 88 88 181 &#8211; 04 CIENCIAS DE LA INGENIERIA AGR\u00cdCOLA 73 73 139 &#8211; 05 CIENCIAS DE LA INGENIERIA MEC\u00c1NICA EL\u00c9CTRICA 49 49 117 &#8211; 06 CIENCIAS DE LA NUTRICION 46&hellip;<\/p>\n","protected":false},"author":1,"featured_media":0,"parent":0,"menu_order":0,"comment_status":"closed","ping_status":"closed","template":"","meta":{"_acf_changed":false,"footnotes":""},"class_list":["post-5953","page","type-page","status-publish","hentry","description-off"],"acf":[],"_links":{"self":[{"href":"https:\/\/transparencia.unap.edu.pe\/web\/wp-json\/wp\/v2\/pages\/5953","targetHints":{"allow":["GET"]}}],"collection":[{"href":"https:\/\/transparencia.unap.edu.pe\/web\/wp-json\/wp\/v2\/pages"}],"about":[{"href":"https:\/\/transparencia.unap.edu.pe\/web\/wp-json\/wp\/v2\/types\/page"}],"author":[{"embeddable":true,"href":"https:\/\/transparencia.unap.edu.pe\/web\/wp-json\/wp\/v2\/users\/1"}],"replies":[{"embeddable":true,"href":"https:\/\/transparencia.unap.edu.pe\/web\/wp-json\/wp\/v2\/comments?post=5953"}],"version-history":[{"count":1,"href":"https:\/\/transparencia.unap.edu.pe\/web\/wp-json\/wp\/v2\/pages\/5953\/revisions"}],"predecessor-version":[{"id":5954,"href":"https:\/\/transparencia.unap.edu.pe\/web\/wp-json\/wp\/v2\/pages\/5953\/revisions\/5954"}],"wp:attachment":[{"href":"https:\/\/transparencia.unap.edu.pe\/web\/wp-json\/wp\/v2\/media?parent=5953"}],"curies":[{"name":"wp","href":"https:\/\/api.w.org\/{rel}","templated":true}]}}