{"id":979,"date":"2022-11-18T12:24:09","date_gmt":"2022-11-18T17:24:09","guid":{"rendered":"http:\/\/localhost\/wordpress3\/?page_id=979"},"modified":"2023-02-26T05:00:12","modified_gmt":"2023-02-26T05:00:12","slug":"actas-de-consejo","status":"publish","type":"page","link":"https:\/\/transparencia.unap.edu.pe\/web\/actas-de-consejo\/","title":{"rendered":"Actas de Consejo de la Universidad Nacional de Altiplano &#8211; Puno"},"content":{"rendered":"\t\t<div data-elementor-type=\"wp-page\" data-elementor-id=\"979\" class=\"elementor elementor-979\" data-elementor-post-type=\"page\">\n\t\t\t\t\t\t<section class=\"elementor-section elementor-top-section elementor-element elementor-element-700c8d9 elementor-section-boxed elementor-section-height-default elementor-section-height-default\" data-id=\"700c8d9\" data-element_type=\"section\" data-e-type=\"section\" data-settings=\"{&quot;background_background&quot;:&quot;classic&quot;}\">\n\t\t\t\t\t\t<div class=\"elementor-container elementor-column-gap-default\">\n\t\t\t\t\t<div class=\"elementor-column elementor-col-33 elementor-top-column elementor-element elementor-element-9f83c1b\" data-id=\"9f83c1b\" data-element_type=\"column\" data-e-type=\"column\">\n\t\t\t<div class=\"elementor-widget-wrap elementor-element-populated\">\n\t\t\t\t\t\t<div class=\"elementor-element elementor-element-4160a83 elementor-widget elementor-widget-heading\" data-id=\"4160a83\" data-element_type=\"widget\" data-e-type=\"widget\" data-widget_type=\"heading.default\">\n\t\t\t\t<div class=\"elementor-widget-container\">\n\t\t\t\t\t<h3 class=\"elementor-heading-title elementor-size-default\">Filtros de busqueda:<\/h3>\t\t\t\t<\/div>\n\t\t\t\t<\/div>\n\t\t\t\t<div class=\"elementor-element elementor-element-1f2063a elementor-widget elementor-widget-heading\" data-id=\"1f2063a\" data-element_type=\"widget\" data-e-type=\"widget\" data-widget_type=\"heading.default\">\n\t\t\t\t<div class=\"elementor-widget-container\">\n\t\t\t\t\t<h6 class=\"elementor-heading-title elementor-size-default\">Actas de Consejo:<\/h6>\t\t\t\t<\/div>\n\t\t\t\t<\/div>\n\t\t\t\t<div class=\"elementor-element elementor-element-39cab8b elementor-widget__width-inherit elementor-widget elementor-widget-shortcode\" data-id=\"39cab8b\" data-element_type=\"widget\" data-e-type=\"widget\" data-widget_type=\"shortcode.default\">\n\t\t\t\t<div class=\"elementor-widget-container\">\n\t\t\t\t\t\t\t<div class=\"elementor-shortcode\"><div class=\"facetwp-facet facetwp-facet-facultad facetwp-type-fselect\" data-name=\"facultad\" data-type=\"fselect\"><\/div><\/div>\n\t\t\t\t\t\t<\/div>\n\t\t\t\t<\/div>\n\t\t\t\t<div class=\"elementor-element elementor-element-0c790ba elementor-widget elementor-widget-heading\" data-id=\"0c790ba\" data-element_type=\"widget\" data-e-type=\"widget\" data-widget_type=\"heading.default\">\n\t\t\t\t<div class=\"elementor-widget-container\">\n\t\t\t\t\t<h6 class=\"elementor-heading-title elementor-size-default\">Fecha:<\/h6>\t\t\t\t<\/div>\n\t\t\t\t<\/div>\n\t\t\t\t<div class=\"elementor-element elementor-element-926274e elementor-widget elementor-widget-shortcode\" data-id=\"926274e\" data-element_type=\"widget\" data-e-type=\"widget\" data-widget_type=\"shortcode.default\">\n\t\t\t\t<div class=\"elementor-widget-container\">\n\t\t\t\t\t\t\t<div class=\"elementor-shortcode\"><div class=\"facetwp-facet facetwp-facet-fecha_actas facetwp-type-date_range\" data-name=\"fecha_actas\" data-type=\"date_range\"><\/div><\/div>\n\t\t\t\t\t\t<\/div>\n\t\t\t\t<\/div>\n\t\t\t\t\t<\/div>\n\t\t<\/div>\n\t\t\t\t<div class=\"elementor-column elementor-col-66 elementor-top-column elementor-element elementor-element-2bdae00\" data-id=\"2bdae00\" data-element_type=\"column\" data-e-type=\"column\">\n\t\t\t<div class=\"elementor-widget-wrap elementor-element-populated\">\n\t\t\t\t\t\t<div class=\"elementor-element elementor-element-cc45db4 elementor-widget elementor-widget-heading\" data-id=\"cc45db4\" data-element_type=\"widget\" data-e-type=\"widget\" data-widget_type=\"heading.default\">\n\t\t\t\t<div class=\"elementor-widget-container\">\n\t\t\t\t\t<h3 class=\"elementor-heading-title elementor-size-default\">Resultados de b\u00fasqueda:<\/h3>\t\t\t\t<\/div>\n\t\t\t\t<\/div>\n\t\t\t\t<div class=\"elementor-element elementor-element-8894326 elementor-widget elementor-widget-shortcode\" data-id=\"8894326\" data-element_type=\"widget\" data-e-type=\"widget\" data-widget_type=\"shortcode.default\">\n\t\t\t\t<div class=\"elementor-widget-container\">\n\t\t\t\t\t\t\t<div class=\"elementor-shortcode\"><div class=\"facetwp-template\" data-name=\"actas_consejo\"><div class=\"fwpl-layout el-efpgl9\"><div class=\"fwpl-result r1\"><div class=\"fwpl-row el-19cbp\"><div class=\"fwpl-col fwpl-col el-r141lb\"><div class=\"fwpl-item el-gjt92h\">Consejo Universitario<\/div><\/div><div class=\"fwpl-col fwpl-col el-i9g4uf\"><div class=\"fwpl-item el-ewusw9\">ACTA DE SESI\u00d3N DE CONSEJO UNIVERSITARIO EXTRAORDINARIO DEL 03 DE FEBRERO DE 2026<\/div><\/div><div class=\"fwpl-col fwpl-col el-gsb01p\"><div class=\"fwpl-item el-07cqa8\">03-02-2026<\/div><\/div><div class=\"fwpl-col fwpl-col el-r1x6s\"><div class=\"fwpl-item el-x6ouca\"><a href=\"https:\/\/transparencia.unap.edu.pe\/web\/actasdeconsejos\/acta-de-sesion-de-consejo-universitario-extraordinario-del-03-de-febrero-de-2026\/\" class=\"fwpl-btn\">Ver<\/a><\/div><\/div><\/div><div class=\"fwpl-row el-lst5ec\"><div class=\"fwpl-col fwpl-col el-3lrsfpk\"><\/div><\/div><\/div><div class=\"fwpl-result r2\"><div class=\"fwpl-row el-19cbp\"><div class=\"fwpl-col fwpl-col el-r141lb\"><div class=\"fwpl-item el-gjt92h\">Facultad de Ingenier\u00eda Civil y Arquitectura<\/div><\/div><div class=\"fwpl-col fwpl-col el-i9g4uf\"><div class=\"fwpl-item el-ewusw9\">ACTA DE CONSEJO DE FACULTAD DE INGENIER\u00cdA CIVIL Y ARQUITECTURA \u2013 08\/01\/2026<\/div><\/div><div class=\"fwpl-col fwpl-col el-gsb01p\"><div class=\"fwpl-item el-07cqa8\">08-01-2026<\/div><\/div><div class=\"fwpl-col fwpl-col el-r1x6s\"><div class=\"fwpl-item el-x6ouca\"><a href=\"https:\/\/transparencia.unap.edu.pe\/web\/actasdeconsejos\/acta-de-consejo-de-facultad-de-ingenieria-civil-y-arquitectura-08-01-2026\/\" class=\"fwpl-btn\">Ver<\/a><\/div><\/div><\/div><div class=\"fwpl-row el-lst5ec\"><div class=\"fwpl-col fwpl-col el-3lrsfpk\"><\/div><\/div><\/div><div class=\"fwpl-result r3\"><div class=\"fwpl-row el-19cbp\"><div class=\"fwpl-col fwpl-col el-r141lb\"><div class=\"fwpl-item el-gjt92h\">Facultad de Ingenier\u00eda Civil y Arquitectura<\/div><\/div><div class=\"fwpl-col fwpl-col el-i9g4uf\"><div class=\"fwpl-item el-ewusw9\">ACTA DE CONSEJO DE FACULTAD DE INGENIER\u00cdA CIVIL Y ARQUITECTURA \u2013 31\/12\/2025<\/div><\/div><div class=\"fwpl-col fwpl-col el-gsb01p\"><div class=\"fwpl-item el-07cqa8\">31-12-2025<\/div><\/div><div class=\"fwpl-col fwpl-col el-r1x6s\"><div class=\"fwpl-item el-x6ouca\"><a href=\"https:\/\/transparencia.unap.edu.pe\/web\/actasdeconsejos\/acta-de-consejo-de-facultad-de-ingenieria-civil-y-arquitectura-31-12-2025\/\" class=\"fwpl-btn\">Ver<\/a><\/div><\/div><\/div><div class=\"fwpl-row el-lst5ec\"><div class=\"fwpl-col fwpl-col el-3lrsfpk\"><\/div><\/div><\/div><div class=\"fwpl-result r4\"><div class=\"fwpl-row el-19cbp\"><div class=\"fwpl-col fwpl-col el-r141lb\"><div class=\"fwpl-item el-gjt92h\">Facultad de Ingenier\u00eda Civil y Arquitectura<\/div><\/div><div class=\"fwpl-col fwpl-col el-i9g4uf\"><div class=\"fwpl-item el-ewusw9\">ACTA DE CONSEJO DE FACULTAD DE INGENIER\u00cdA CIVIL Y ARQUITECTURA \u2013 19\/12\/2025<\/div><\/div><div class=\"fwpl-col fwpl-col el-gsb01p\"><div class=\"fwpl-item el-07cqa8\">19-12-2025<\/div><\/div><div class=\"fwpl-col fwpl-col el-r1x6s\"><div class=\"fwpl-item el-x6ouca\"><a href=\"https:\/\/transparencia.unap.edu.pe\/web\/actasdeconsejos\/acta-de-consejo-de-facultad-de-ingenieria-civil-y-arquitectura-19-12-2025\/\" class=\"fwpl-btn\">Ver<\/a><\/div><\/div><\/div><div class=\"fwpl-row el-lst5ec\"><div class=\"fwpl-col fwpl-col el-3lrsfpk\"><\/div><\/div><\/div><div class=\"fwpl-result r5\"><div class=\"fwpl-row el-19cbp\"><div class=\"fwpl-col fwpl-col el-r141lb\"><div class=\"fwpl-item el-gjt92h\">Facultad de Ingenier\u00eda Civil y Arquitectura<\/div><\/div><div class=\"fwpl-col fwpl-col el-i9g4uf\"><div class=\"fwpl-item el-ewusw9\">ACTA DE CONSEJO DE FACULTAD DE INGENIER\u00cdA CIVIL Y ARQUITECTURA \u2013 05\/12\/2025<\/div><\/div><div class=\"fwpl-col fwpl-col el-gsb01p\"><div class=\"fwpl-item el-07cqa8\">05-12-2025<\/div><\/div><div class=\"fwpl-col fwpl-col el-r1x6s\"><div class=\"fwpl-item el-x6ouca\"><a href=\"https:\/\/transparencia.unap.edu.pe\/web\/actasdeconsejos\/acta-de-consejo-de-facultad-de-ingenieria-civil-y-arquitectura-05-12-2025\/\" class=\"fwpl-btn\">Ver<\/a><\/div><\/div><\/div><div class=\"fwpl-row el-lst5ec\"><div class=\"fwpl-col fwpl-col el-3lrsfpk\"><\/div><\/div><\/div><div class=\"fwpl-result r6\"><div class=\"fwpl-row el-19cbp\"><div class=\"fwpl-col fwpl-col el-r141lb\"><div class=\"fwpl-item el-gjt92h\">Consejo Universitario<\/div><\/div><div class=\"fwpl-col fwpl-col el-i9g4uf\"><div class=\"fwpl-item el-ewusw9\">ACTA DE SESI\u00d3N DE CONSEJO UNIVERSITARIO ORDINARIO DEL 13 DE ENERO DE 2026<\/div><\/div><div class=\"fwpl-col fwpl-col el-gsb01p\"><div class=\"fwpl-item el-07cqa8\">13-01-2026<\/div><\/div><div class=\"fwpl-col fwpl-col el-r1x6s\"><div class=\"fwpl-item el-x6ouca\"><a href=\"https:\/\/transparencia.unap.edu.pe\/web\/actasdeconsejos\/acta-de-sesion-de-consejo-universitario-ordinario-del-13-de-enero-de-2026\/\" class=\"fwpl-btn\">Ver<\/a><\/div><\/div><\/div><div class=\"fwpl-row el-lst5ec\"><div class=\"fwpl-col fwpl-col el-3lrsfpk\"><\/div><\/div><\/div><div class=\"fwpl-result r7\"><div class=\"fwpl-row el-19cbp\"><div class=\"fwpl-col fwpl-col el-r141lb\"><div class=\"fwpl-item el-gjt92h\">Consejo Universitario<\/div><\/div><div class=\"fwpl-col fwpl-col el-i9g4uf\"><div class=\"fwpl-item el-ewusw9\">ACTA DE SESI\u00d3N DE CONSEJO UNIVERSITARIO EXTRAORDINARIO DEL 30 DE DICIEMBRE DE 2025<\/div><\/div><div class=\"fwpl-col fwpl-col el-gsb01p\"><div class=\"fwpl-item el-07cqa8\">30-12-2025<\/div><\/div><div class=\"fwpl-col fwpl-col el-r1x6s\"><div class=\"fwpl-item el-x6ouca\"><a href=\"https:\/\/transparencia.unap.edu.pe\/web\/actasdeconsejos\/acta-de-sesion-de-consejo-universitario-extraordinario-del-30-de-diciembre-de-2025\/\" class=\"fwpl-btn\">Ver<\/a><\/div><\/div><\/div><div class=\"fwpl-row el-lst5ec\"><div class=\"fwpl-col fwpl-col el-3lrsfpk\"><\/div><\/div><\/div><div class=\"fwpl-result r8\"><div class=\"fwpl-row el-19cbp\"><div class=\"fwpl-col fwpl-col el-r141lb\"><div class=\"fwpl-item el-gjt92h\">Consejo Universitario<\/div><\/div><div class=\"fwpl-col fwpl-col el-i9g4uf\"><div class=\"fwpl-item el-ewusw9\">ACTA DE SESI\u00d3N DE CONSEJO UNIVERSITARIO EXTRAORDINARIO DEL 29 DE DICIEMBRE DE 2025<\/div><\/div><div class=\"fwpl-col fwpl-col el-gsb01p\"><div class=\"fwpl-item el-07cqa8\">29-12-2025<\/div><\/div><div class=\"fwpl-col fwpl-col el-r1x6s\"><div class=\"fwpl-item el-x6ouca\"><a href=\"https:\/\/transparencia.unap.edu.pe\/web\/actasdeconsejos\/acta-de-sesion-de-consejo-universitario-extraordinario-del-29-de-diciembre-de-2025\/\" class=\"fwpl-btn\">Ver<\/a><\/div><\/div><\/div><div class=\"fwpl-row el-lst5ec\"><div class=\"fwpl-col fwpl-col el-3lrsfpk\"><\/div><\/div><\/div><div class=\"fwpl-result r9\"><div class=\"fwpl-row el-19cbp\"><div class=\"fwpl-col fwpl-col el-r141lb\"><div class=\"fwpl-item el-gjt92h\">Facultad de Ingenier\u00eda Qu\u00edmica<\/div><\/div><div class=\"fwpl-col fwpl-col el-i9g4uf\"><div class=\"fwpl-item el-ewusw9\">ACTAS DE SESI\u00d3N DE CONSEJO DE FACULTAD DE INGENIER\u00cdA QU\u00cdMICA 18\/12\/2025 2025<\/div><\/div><div class=\"fwpl-col fwpl-col el-gsb01p\"><div class=\"fwpl-item el-07cqa8\">18-12-2025<\/div><\/div><div class=\"fwpl-col fwpl-col el-r1x6s\"><div class=\"fwpl-item el-x6ouca\"><a href=\"https:\/\/transparencia.unap.edu.pe\/web\/actasdeconsejos\/actas-de-sesion-de-consejo-de-facultad-de-ingenieria-quimica-18-12-2025-2025\/\" class=\"fwpl-btn\">Ver<\/a><\/div><\/div><\/div><div class=\"fwpl-row el-lst5ec\"><div class=\"fwpl-col fwpl-col el-3lrsfpk\"><\/div><\/div><\/div><div class=\"fwpl-result r10\"><div class=\"fwpl-row el-19cbp\"><div class=\"fwpl-col fwpl-col el-r141lb\"><div class=\"fwpl-item el-gjt92h\">Facultad de Ingenier\u00eda Qu\u00edmica<\/div><\/div><div class=\"fwpl-col fwpl-col el-i9g4uf\"><div class=\"fwpl-item el-ewusw9\">ACTAS DE SESI\u00d3N DE CONSEJO DE FACULTAD DE INGENIER\u00cdA QU\u00cdMICA OCTUBRE - DICIEMBRE 2025<\/div><\/div><div class=\"fwpl-col fwpl-col el-gsb01p\"><div class=\"fwpl-item el-07cqa8\">03-12-2025<\/div><\/div><div class=\"fwpl-col fwpl-col el-r1x6s\"><div class=\"fwpl-item el-x6ouca\"><a href=\"https:\/\/transparencia.unap.edu.pe\/web\/actasdeconsejos\/actas-de-sesion-de-consejo-de-facultad-de-ingenieria-quimica-octubre-diciembre-2025\/\" class=\"fwpl-btn\">Ver<\/a><\/div><\/div><\/div><div class=\"fwpl-row el-lst5ec\"><div class=\"fwpl-col fwpl-col el-3lrsfpk\"><\/div><\/div><\/div><div class=\"fwpl-result r11\"><div class=\"fwpl-row el-19cbp\"><div class=\"fwpl-col fwpl-col el-r141lb\"><div class=\"fwpl-item el-gjt92h\">Facultad de Ingenier\u00eda Civil y Arquitectura<\/div><\/div><div class=\"fwpl-col fwpl-col el-i9g4uf\"><div class=\"fwpl-item el-ewusw9\">ACTA DE CONSEJO DE FACULTAD DE INGENIER\u00cdA CIVIL Y ARQUITECTURA \u2013 28\/11\/2025<\/div><\/div><div class=\"fwpl-col fwpl-col el-gsb01p\"><div class=\"fwpl-item el-07cqa8\">28-11-2025<\/div><\/div><div class=\"fwpl-col fwpl-col el-r1x6s\"><div class=\"fwpl-item el-x6ouca\"><a href=\"https:\/\/transparencia.unap.edu.pe\/web\/actasdeconsejos\/acta-de-consejo-de-facultad-de-ingenieria-civil-y-arquitectura-28-11-2025\/\" class=\"fwpl-btn\">Ver<\/a><\/div><\/div><\/div><div class=\"fwpl-row el-lst5ec\"><div class=\"fwpl-col fwpl-col el-3lrsfpk\"><\/div><\/div><\/div><div class=\"fwpl-result r12\"><div class=\"fwpl-row el-19cbp\"><div class=\"fwpl-col fwpl-col el-r141lb\"><div class=\"fwpl-item el-gjt92h\">Facultad de Trabajo Social<\/div><\/div><div class=\"fwpl-col fwpl-col el-i9g4uf\"><div class=\"fwpl-item el-ewusw9\">ACTA DE CONSEJO DE FACULTAD DE TRABAJO SOCIAL<\/div><\/div><div class=\"fwpl-col fwpl-col el-gsb01p\"><div class=\"fwpl-item el-07cqa8\">30-09-2025<\/div><\/div><div class=\"fwpl-col fwpl-col el-r1x6s\"><div class=\"fwpl-item el-x6ouca\"><a href=\"https:\/\/transparencia.unap.edu.pe\/web\/actasdeconsejos\/acta-de-consejo-de-facultad-de-trabajo-social-7\/\" class=\"fwpl-btn\">Ver<\/a><\/div><\/div><\/div><div class=\"fwpl-row el-lst5ec\"><div class=\"fwpl-col fwpl-col el-3lrsfpk\"><\/div><\/div><\/div><div class=\"fwpl-result r13\"><div class=\"fwpl-row el-19cbp\"><div class=\"fwpl-col fwpl-col el-r141lb\"><div class=\"fwpl-item el-gjt92h\">Facultad de Ingenier\u00eda Qu\u00edmica<\/div><\/div><div class=\"fwpl-col fwpl-col el-i9g4uf\"><div class=\"fwpl-item el-ewusw9\">ACTAS DE SESI\u00d3N DE CONSEJO DE FACULTAD DE INGENIER\u00cdA QU\u00cdMICA JULIO - OCTUBRE 2025<\/div><\/div><div class=\"fwpl-col fwpl-col el-gsb01p\"><div class=\"fwpl-item el-07cqa8\">02-10-2025<\/div><\/div><div class=\"fwpl-col fwpl-col el-r1x6s\"><div class=\"fwpl-item el-x6ouca\"><a href=\"https:\/\/transparencia.unap.edu.pe\/web\/actasdeconsejos\/actas-de-sesion-de-consejo-de-facultad-de-ingenieria-quimica-julio-octubre-2025\/\" class=\"fwpl-btn\">Ver<\/a><\/div><\/div><\/div><div class=\"fwpl-row el-lst5ec\"><div class=\"fwpl-col fwpl-col el-3lrsfpk\"><\/div><\/div><\/div><div class=\"fwpl-result r14\"><div class=\"fwpl-row el-19cbp\"><div class=\"fwpl-col fwpl-col el-r141lb\"><div class=\"fwpl-item el-gjt92h\">Facultad de Ciencias Agrarias<\/div><\/div><div class=\"fwpl-col fwpl-col el-i9g4uf\"><div class=\"fwpl-item el-ewusw9\">ACTA DE SESI\u00d3N DE CONSEJO DE LA FACULTAD DE CIENCIAS AGRARIAS<\/div><\/div><div class=\"fwpl-col fwpl-col el-gsb01p\"><div class=\"fwpl-item el-07cqa8\">20-08-2025<\/div><\/div><div class=\"fwpl-col fwpl-col el-r1x6s\"><div class=\"fwpl-item el-x6ouca\"><a href=\"https:\/\/transparencia.unap.edu.pe\/web\/actasdeconsejos\/acta-de-sesion-de-consejo-de-la-facultad-de-ciencias-agrarias-16\/\" class=\"fwpl-btn\">Ver<\/a><\/div><\/div><\/div><div class=\"fwpl-row el-lst5ec\"><div class=\"fwpl-col fwpl-col el-3lrsfpk\"><\/div><\/div><\/div><div class=\"fwpl-result r15\"><div class=\"fwpl-row el-19cbp\"><div class=\"fwpl-col fwpl-col el-r141lb\"><div class=\"fwpl-item el-gjt92h\">Facultad de Ciencias Agrarias<\/div><\/div><div class=\"fwpl-col fwpl-col el-i9g4uf\"><div class=\"fwpl-item el-ewusw9\">ACTA DE SESI\u00d3N DE CONSEJO DE LA FACULTAD DE CIENCIAS AGRARIAS<\/div><\/div><div class=\"fwpl-col fwpl-col el-gsb01p\"><div class=\"fwpl-item el-07cqa8\">21-07-2025<\/div><\/div><div class=\"fwpl-col fwpl-col el-r1x6s\"><div class=\"fwpl-item el-x6ouca\"><a href=\"https:\/\/transparencia.unap.edu.pe\/web\/actasdeconsejos\/acta-de-sesion-de-consejo-de-la-facultad-de-ciencias-agrarias-15\/\" class=\"fwpl-btn\">Ver<\/a><\/div><\/div><\/div><div class=\"fwpl-row el-lst5ec\"><div class=\"fwpl-col fwpl-col el-3lrsfpk\"><\/div><\/div><\/div><div class=\"fwpl-result r16\"><div class=\"fwpl-row el-19cbp\"><div class=\"fwpl-col fwpl-col el-r141lb\"><div class=\"fwpl-item el-gjt92h\">Facultad de Ciencias Agrarias<\/div><\/div><div class=\"fwpl-col fwpl-col el-i9g4uf\"><div class=\"fwpl-item el-ewusw9\">ACTA DE SESI\u00d3N DE CONSEJO DE LA FACULTAD DE CIENCIAS AGRARIAS<\/div><\/div><div class=\"fwpl-col fwpl-col el-gsb01p\"><div class=\"fwpl-item el-07cqa8\">05-06-2025<\/div><\/div><div class=\"fwpl-col fwpl-col el-r1x6s\"><div class=\"fwpl-item el-x6ouca\"><a href=\"https:\/\/transparencia.unap.edu.pe\/web\/actasdeconsejos\/acta-de-sesion-de-consejo-de-la-facultad-de-ciencias-agrarias-14\/\" class=\"fwpl-btn\">Ver<\/a><\/div><\/div><\/div><div class=\"fwpl-row el-lst5ec\"><div class=\"fwpl-col fwpl-col el-3lrsfpk\"><\/div><\/div><\/div><div class=\"fwpl-result r17\"><div class=\"fwpl-row el-19cbp\"><div class=\"fwpl-col fwpl-col el-r141lb\"><div class=\"fwpl-item el-gjt92h\">Facultad de Ciencias Agrarias<\/div><\/div><div class=\"fwpl-col fwpl-col el-i9g4uf\"><div class=\"fwpl-item el-ewusw9\">ACTA DE SESI\u00d3N DE CONSEJO DE LA FACULTAD DE CIENCIAS AGRARIAS<\/div><\/div><div class=\"fwpl-col fwpl-col el-gsb01p\"><div class=\"fwpl-item el-07cqa8\">13-05-2025<\/div><\/div><div class=\"fwpl-col fwpl-col el-r1x6s\"><div class=\"fwpl-item el-x6ouca\"><a href=\"https:\/\/transparencia.unap.edu.pe\/web\/actasdeconsejos\/acta-de-sesion-de-consejo-de-la-facultad-de-ciencias-agrarias-10\/\" class=\"fwpl-btn\">Ver<\/a><\/div><\/div><\/div><div class=\"fwpl-row el-lst5ec\"><div class=\"fwpl-col fwpl-col el-3lrsfpk\"><\/div><\/div><\/div><div class=\"fwpl-result r18\"><div class=\"fwpl-row el-19cbp\"><div class=\"fwpl-col fwpl-col el-r141lb\"><div class=\"fwpl-item el-gjt92h\">Facultad de Ingenier\u00eda Geol\u00f3gica y Metal\u00fargica<\/div><\/div><div class=\"fwpl-col fwpl-col el-i9g4uf\"><div class=\"fwpl-item el-ewusw9\">ACTA DE SESI\u00d3N DE CONSEJO DE FACULTAD DE INGENIER\u00cdA GEOL\u00d3GICA Y METAL\u00daRGICA ENERO - AGOSTO 2025<\/div><\/div><div class=\"fwpl-col fwpl-col el-gsb01p\"><div class=\"fwpl-item el-07cqa8\">21-08-2025<\/div><\/div><div class=\"fwpl-col fwpl-col el-r1x6s\"><div class=\"fwpl-item el-x6ouca\"><a href=\"https:\/\/transparencia.unap.edu.pe\/web\/actasdeconsejos\/acta-de-sesion-de-consejo-de-facultad-de-ingenieria-geologica-y-metalurgica-enero-agosto-2025\/\" class=\"fwpl-btn\">Ver<\/a><\/div><\/div><\/div><div class=\"fwpl-row el-lst5ec\"><div class=\"fwpl-col fwpl-col el-3lrsfpk\"><\/div><\/div><\/div><div class=\"fwpl-result r19\"><div class=\"fwpl-row el-19cbp\"><div class=\"fwpl-col fwpl-col el-r141lb\"><div class=\"fwpl-item el-gjt92h\">Facultad de Ciencias Sociales<\/div><\/div><div class=\"fwpl-col fwpl-col el-i9g4uf\"><div class=\"fwpl-item el-ewusw9\">ACTA DE CONSEJO DE FACULTAD DE CIENCIAS SOCIALES  ENERO - JULIO 2025<\/div><\/div><div class=\"fwpl-col fwpl-col el-gsb01p\"><div class=\"fwpl-item el-07cqa8\">08-07-2025<\/div><\/div><div class=\"fwpl-col fwpl-col el-r1x6s\"><div class=\"fwpl-item el-x6ouca\"><a href=\"https:\/\/transparencia.unap.edu.pe\/web\/actasdeconsejos\/acta-de-consejo-de-facultad-de-ciencias-sociales\/\" class=\"fwpl-btn\">Ver<\/a><\/div><\/div><\/div><div class=\"fwpl-row el-lst5ec\"><div class=\"fwpl-col fwpl-col el-3lrsfpk\"><\/div><\/div><\/div><div class=\"fwpl-result r20\"><div class=\"fwpl-row el-19cbp\"><div class=\"fwpl-col fwpl-col el-r141lb\"><div class=\"fwpl-item el-gjt92h\">Facultad de Ciencias Jur\u00eddicas y Pol\u00edticas<\/div><\/div><div class=\"fwpl-col fwpl-col el-i9g4uf\"><div class=\"fwpl-item el-ewusw9\">ACTA DE SESI\u00d3N ORDINARIA DE CONSEJO DE LA FACULTAD CIENCIAS JUR\u00cdDICAS Y POL\u00cdTICAS<\/div><\/div><div class=\"fwpl-col fwpl-col el-gsb01p\"><div class=\"fwpl-item el-07cqa8\">17-06-2025<\/div><\/div><div class=\"fwpl-col fwpl-col el-r1x6s\"><div class=\"fwpl-item el-x6ouca\"><a href=\"https:\/\/transparencia.unap.edu.pe\/web\/actasdeconsejos\/acta-de-sesion-ordinaria-de-consejo-de-la-facultad-ciencias-juridicas-y-politicas-9\/\" class=\"fwpl-btn\">Ver<\/a><\/div><\/div><\/div><div class=\"fwpl-row el-lst5ec\"><div class=\"fwpl-col fwpl-col el-3lrsfpk\"><\/div><\/div><\/div><\/div>\n<style>\n.fwpl-layout, .fwpl-row {\n    display: grid;\n}\n.fwpl-layout.el-efpgl9 {\n    grid-template-columns: repeat(1, 1fr);\n    grid-gap: 10px;\n}\n.fwpl-btn {\n    text-decoration: none;\n}\n.fwpl-row.el-19cbp {\n    grid-template-columns: 22.2% 42.5% 19.9% 1fr;\n}\n.fwpl-col.el-r141lb {\n    border-color: #1f365c;\n}\n.fwpl-col.el-i9g4uf {\n    border-color: #1f365c;\n}\n.fwpl-item.el-07cqa8 {\n    border-width: 0px 0px 5px 0px;\n    text-align: center;\n}\n.fwpl-col.el-r1x6s {\n    text-align: center;\n}\n.fwpl-item.el-x6ouca .fwpl-btn {\n    background-color: #1a9dbe;\n    padding: 10px;\n    text-align: center;\n    color: #ffffff;\n}\n.fwpl-row.el-lst5ec {\n    grid-template-columns: 1fr;\n    border-color: #397fa4;\n}\n.fwpl-col.el-3lrsfpk {\n    border-style: solid;\n    border-color: #1f365c;\n    border-width: 0px 0px 5px 0px;\n}\n@media (max-width: 480px) { \n    body .facetwp-template .fwpl-layout,  \n    body .facetwp-template-static .fwpl-layout { grid-template-columns: 1fr; } \n} \n\n<\/style>\n<\/div>\n\n<div class=\"facetwp-facet facetwp-facet-paginador facetwp-type-pager\" data-name=\"paginador\" data-type=\"pager\"><\/div><\/div>\n\t\t\t\t\t\t<\/div>\n\t\t\t\t<\/div>\n\t\t\t\t\t<\/div>\n\t\t<\/div>\n\t\t\t\t\t<\/div>\n\t\t<\/section>\n\t\t\t\t<\/div>\n\t\t","protected":false},"excerpt":{"rendered":"<p>Filtros de busqueda: Actas de Consejo: Fecha: Resultados de b\u00fasqueda:<\/p>\n","protected":false},"author":3,"featured_media":0,"parent":0,"menu_order":0,"comment_status":"closed","ping_status":"closed","template":"","meta":{"_acf_changed":false,"footnotes":""},"class_list":["post-979","page","type-page","status-publish","hentry"],"acf":[],"_links":{"self":[{"href":"https:\/\/transparencia.unap.edu.pe\/web\/wp-json\/wp\/v2\/pages\/979","targetHints":{"allow":["GET"]}}],"collection":[{"href":"https:\/\/transparencia.unap.edu.pe\/web\/wp-json\/wp\/v2\/pages"}],"about":[{"href":"https:\/\/transparencia.unap.edu.pe\/web\/wp-json\/wp\/v2\/types\/page"}],"author":[{"embeddable":true,"href":"https:\/\/transparencia.unap.edu.pe\/web\/wp-json\/wp\/v2\/users\/3"}],"replies":[{"embeddable":true,"href":"https:\/\/transparencia.unap.edu.pe\/web\/wp-json\/wp\/v2\/comments?post=979"}],"version-history":[{"count":31,"href":"https:\/\/transparencia.unap.edu.pe\/web\/wp-json\/wp\/v2\/pages\/979\/revisions"}],"predecessor-version":[{"id":8828,"href":"https:\/\/transparencia.unap.edu.pe\/web\/wp-json\/wp\/v2\/pages\/979\/revisions\/8828"}],"wp:attachment":[{"href":"https:\/\/transparencia.unap.edu.pe\/web\/wp-json\/wp\/v2\/media?parent=979"}],"curies":[{"name":"wp","href":"https:\/\/api.w.org\/{rel}","templated":true}]}}